-52 - -78) - 79?
-59
What is the value of 9 + -2 + -16 + (-296 - -244)?
-61
10 - (-114 - -115) - (2 + -1 + -4)
12
Calculate 0 + 0 + (11 - -12) + (-45 - (-19 + -18)).
15
What is (3 + -4 + 2 - (1 - (0 + -5))) + 31?
26
What is the value of -47 - -37 - ((-1 + 8 - 8) + 3 + -5)?
-7
Calculate (-16 + -1 - 27) + 1 + -3 + 1.
-45
What is 2 + -7 + 21 + 30 + (-4 - -1)?
43
What is the value of -15 - (30 - 7 - (-5 + 3))?
-40
Evaluate -18 + 1 + (-66 - (-64 + 33)) + 3.
-49
What is the value of -42 - (-43 + -6) - (-4 - -50)?
-39
What is the value of (17 - (0 - 1) - (-2024 - -2040)) + 49?
51
What is 5 + (-4 - 4) + (-15 - -18) + -6?
-6
Evaluate 8 - (-23 + 55) - 9 - 3.
-36
Calculate 3 + -32 + 51 + -43.
-21
What is the value of 62 + 35 + -239 + 100?
-42
Calculate -8 - 37 - -70 - (-4 + -10).
39
What is 9 - (38 - 24) - -31?
26
What is the value of 60 + 88 + -78 - 130?
-60
Evaluate 54 + (0 - 14) + -2 + (-11 - -24).
51
Calculate (0 - 27) + 1 - (39 + -212 - -181).
-34
What is the value of -3 - -16 - 3 - 3 - (3662 - 3650)?
-5
What is the value of 23 + (-38 - -14 - -8) + 6 + 76 + 2?
91
What is the value of 51 - ((-56 - 28) + 67)?
68
What is 0 - ((5 - 13) + 9 - -7) - (-41 + 0)?
33
What is the value of (-9 - -8 - 30) + (-74 - -65)?
-40
Evaluate (9 - 29 - -34) + 9 + -3 + 2.
22
What is 19 + (-4 - -12 - -27 - (-12 + 23))?
43
Evaluate 70 + -30 - 16 - 63.
-39
What is the value of 3 - -32 - (-56 - 50 - -42)?
99
Evaluate -30 + -4 + 130 + 25 + -54.
67
What is -23 + -30 + 54 - ((-27 - -25) + -116 + 0)?
119
(-11 - -20 - 23) + 5 + (-72 - -135)
54
Calculate (0 + 5 - (-12 - (6 + -1 - -11))) + -14.
19
Calculate -4 - (-5 - -3) - 76 - (4 - 13 - 2).
-67
What is the value of -12 + 2 + (-212 - -261)?
39
-5 - 14 - (-405 - -291)
95
Calculate (9 - -16) + (-21 - (26 + -29)).
7
What is -9 + (35 - (23 + (-53 - -33)))?
23
Calculate -168 - (1 + 20 + -13 + -53).
-123
Evaluate -2 + 11 + (9 - (-3 + (-2 - -18))) + -4.
1
Evaluate -12 + 19 - 110 - (-14 + (4 - 9)).
-84
What is -52 + -76 + 13 + 58?
-57
Evaluate -23 + -68 + 80 + (-2 - -4) + 59.
50
Calculate 30 + (-1 - 38 - 22).
-31
-10 + 31 + -10 + (10 - (3 + 4) - -11)
25
Evaluate -127 + (-33 - (2 - -9 - 22)) + 17.
-132
What is 2 + 79 - (8346 + -8280)?
15
Evaluate -33 - (-30 + -28 + -9 + 27).
7
Evaluate (-5 + 3 - 10) + (-18 - (-78 + 155)).
-107
(10 - (5 - (11 + (-6 - 29)))) + 10 + -2
-11
Calculate (-20 - 14) + 57 - 14.
9
(84 - 36) + -123 - 14
-89
(583 - 643) + -2 + (2 - 2 - 4 - -13)
-53
-3 - (-12 - (2 + -25 + 10))
-4
What is the value of (59 - 14) + -30 - 2 - -21?
34
Calculate -694 - -860 - (-5 + 7 - -34).
130
6 - ((-121 - -105) + (-3 - -4) + 0)
21
What is the value of -1 + 48 + -19 + (5 + -9 - -15)?
39
Evaluate -27 + 35 - (37 + -1).
-28
Evaluate 34 + (-27 + -17 - 44).
-54
Evaluate -34 - (36 + -30 - (-5 + 5)).
-40
Evaluate 120 + -166 + (-14 - -24 - 15).
-51
(-14 - ((-14 - -11) + 3 + -24)) + 3 + 112
125
111 + (41 - 230 - -42)
-36
(-58 - (-1 + -22)) + (8 + 0 - 5 - 3)
-35
Calculate (-19 - (19 + -81)) + -46.
-3
What is 85 + (52 + -105 - -1)?
33
What is -46 - -36 - 29 - -3?
-36
29 - (12 + (7 - (19 + -7 + -1)))
21
What is (-26 - (-31 - -38 - -53)) + 19?
-67
What is 45 + ((3 - -1) + -13 - 1) - -6?
41
59 - (-4 + 102 + -11)
-28
Evaluate (-60 - -57) + (-13 - (-20 + 41)).
-37
What is the value of 99 - (160 + -113 + 45)?
7
What is the value of -6 + (-674 - -698) + (1 - 22) + -40?
-43
Evaluate (-1 - 2) + 1 - (-143 + 133 - 20).
28
What is 34 + (-308 + 311 - (1 - 4))?
40
What is the value of 3 + -6 + (-1 - -18) + (-42 - -11)?
-17
-43 - ((12 - -32) + -26)
-61
What is (-180 + 190 - (2 + -85)) + (8 - 8 - -5)?
98
What is -53 + 227 + -75 - 79?
20
What is 1 - ((-2 - 68) + 41 + (-97 - -35))?
92
What is the value of 1 + -80 + (2466 - 2443)?
-56
Evaluate (-49 - 0) + (2 - (25 + 0 + -10)) + 20.
-42
What is the value of (0 - -2) + -17 + (-6 - -1) + (33 - 34)?
-21
What is 27 + (-12 - -19) - -2 - (7 + (0 - 8))?
37
What is 98 + 112 + (129 - 266)?
73
-14 + (-16 + (-1 + 2 - 0) - 30)
-59
Evaluate 9 - (-47 - (22 + -10 + -35)).
33
Calculate 18 - (16 + -11 - 14 - -17) - -5.
15
Evaluate -54 - (-15 + 71 - 144).
34
(-2 - -2) + (-59 + 34 - -62 - -13)
50
What is -31 + 23 - -50 - 32?
10
What is the value of 21495 - 21489 - (40 - (1 - 0))?
-33
What is (5 - -6 - -105) + (-87 - -66) - (-7 + -2)?
104
What is 4 + -14 + 4 - ((-80 - -7) + 39)?
28
What is the value of -805 - -871 - (3 + 5)?
58
What is 6623 + -6579 + (5 + -4 - (-1 - 4))?
50
Calculate (17 - (3 - ((-4 - 5) + 7))) + 5 - -8.
25
69 - (-47 - 3 - (454 - 498))
75
What is the value of (10 - 0) + 1638 + -1658 + (-1 - -33)?
22
5 - (-1 - -3) - -24 - (-147 - -143)
31
What is 89 - (-21 - 2 - (-7 + (6 - 41 - -32)))?
102
0 + 21 + -526 + 275 + 366
136
Calculate -15 - -1 - -5 - 31.
-40
Evaluate (1 + 22 - ((-58 - -9) + 58) - 113) + -7.
-106
What is 12 + (-45 - -1) + 21 - (-1 + 3 - 121)?
108
Calculate 58 + 7 + 17 + (58 - 68).
72
What is 0 + (37 - -4) - (-496 + 516)?
21
Evaluate (1 + -5 - -4) + -8 + 5 + (-17 - -17).
-3
Evaluate 129 + 59 + (-52 - -4).
140
Calculate -34 + (-30 - -41) + 46.
23
9 - (1860 + -1911 - ((-2 - -5) + -1))
62
What is -7 - ((-20 + 44 - 9) + -9 + 65)?
-78
Calculate 5 - -1 - (-1 - (4 - 11) - 51).
51
Evaluate (26 + -25 + 3 - (12 - -1)) + 10.
1
-189 + 226 - (21 + -1) - -4
21
What is -20 - ((9 + (-1 - -2) - 5) + -1 + -3)?
-21
-10 - (30 - -3) - -29 - -56
42
4 - (-3 + 7) - (-10 + -2 - (-16 + -4))
-8
-41 - (-149 + 25 - -85)
-2
Calculate 1 - -30 - (-25 + 2 - (-355 - -341)).
40
Evaluate 210 + -83 + 11 + -26 + -2.
110
Calculate 9 + -1 + 1 + -4 + 34.
39
What is 50 + 9 - (-69 - -178)?
-50
What is -78 - (-76 - -89 - 59)?
-32
What is the value of 37 + -2 - (-1656 + 1643)?
48
Evaluate -10 - (-85 + -13 + 0 + 581 + -554).
61
What is the value of (41 - 112) + -2 + 2 + 1 - (-92 - -90)?
-68
What is -25 - -15 - -13 - (-3 + 8 + -5)?
3
-4 + (-8 + (-16 + 2 - -14) - -48)
36
Calculate -32 + 223 - (447 - 367).
111
Evaluate (-155 - -142) + (95 + 8 - (-14 - -4)).
100
What is the value of -17 - -1 - (-40 - -95 - 39)?
-32
Calculate -5 + -19 - 13 - -12 - 31.
-56
What is the value of (64 - -2) + 3 + (55 - (173 + -102))?
53
(0 - (8 - 14)) + (4 - (0 - (37 - 2)))
45
Evaluate (-1 - -48) + (37 - 38) - (-60 - -39).
67
What is the value of -4 + 16 + -2 - (-2 - (-52 - 1))?
-41
26 + -19 + 2 + -5 + -5
-1
(-1 - (1 - -52)) + 5 + 11 + -9
-47
15 + -33 + 21 + 2 + 10 + -84
-69
What is the value of -53 + (28 - 56) + 36 + -20?
-65
Evaluate (26 - (8 + (-12 - (3 + -16)))) + 44.
61
What is 26 - (-33 + 48 + -32 - 35)?
78
What is 3 + 1 + (98 - 95) - 12?
-5
Calculate 40 + (7 - -9 - 34 - 1).
21
What is the value of -1 - ((0 + 1 - -1) + 52 + 17)?
-72
What is -56 + -10 + 41 + 21?
-4
Calculate -26 - (-5 - ((4 - -5) + 2 - (0 + 8))).
-18
What is -16 + 37 + -48 + 15?
-12
What is the value of 3 - 1 - -90 - (197 + -406 - -207)?
94
What is 3 + (5 - (-43 - -60)) + 20 + -2 + -2?
7
What is -79 + -72 + (73 - -8)?
-70
What is the value of (23 - (-16 - (15 + -14))) + 0 + -4?
36
-48 - (22 + 9 + -2 + (106 - 121))
-62
Evaluate 16 + 54 + -172 + 40.
-62
What is the value of 7 + 38 + -19 + (2 - -86)?
114
Evaluate 64 + 0 + -2 + 0 + 136 + (109 - 242).
65
What is 0 + -14 + -1098 + 1128?
16
What is the value of 26 - 1 - (-16299 + 16322)?
2
What is the value of (-13 - (-1 + -12)) + -5 + 12 + -122 - -15?
-100
(-3008 - -3028) + (-19 - -1)
2
-36 + 86 + -77 + -38
-65
What is the value of 11 - (12 - (3 - 51)) - (-3 + 3 + 5)?
-54
Evaluate (-4 - ((-15 - -34) + -33)) + 1.
11
What is (4 - 13) + -360 + 321?
-48
What is (-4 - -23 - 18) + 26 - -7?
34
-7 - 7 - (-211 + 279)
-82
-95 + -99 + (186 - 66)
-74
What is 2 - -17 - ((14 - (-47 + 25)) + 95)?
-112
What is 12 - (2 + 1 - -6 - (-4 + -1))?
-2
What is the value of (-12 - (33 - -3)) + (2 - 10) + 4?
-52
What is the value of (-14 - (-2 - 21 - 2 - -14)) + (-1 - -71)?
67
What is (4 - -5) + -7 + -91 + (-12 + 16 - -4)?
-81
(7 + -10 - (-9 + 5 + 3)) + -54 - 4
-60
Calculate 10 + (-39 + 8 - -20) - (3 + (5 - 25)).
16
What is the value of -13 - (2 + 2 + -39 + 25 - (36 - 1))?
32
What is the value of 62 + (131 - 62) + -65?
66
What is (-38 - -40) + (3 - (0 + 5 + -12)) + 44?
56
25 - 18 - 18 - (-3 - -20 - -12)
-40
-4 - (-148 - -164) - (1 + 0 - 9) - 86
-98
Evaluate -8 - (-2 - (-39 + 64)) - -35.
54
(12 - 35) + 35 - (1 - -2) - 0
9
-31 - -19 - (-24 - 27)
39
What is 105 + (-32 - -60) + -65?
68
Calculate 138